b = 11 - g. What is the tens digit of 25 + b + (-4)/(-4)?
2
Let f(p) = 9*p**2 + 5*p - 10. What is the units digit of f(6)?
4
Suppose -4*g + 4*v = -3880, -2*g - 74 + 2011 = -5*v. What is the hundreds digit of g?
9
Let v(w) = -w + 7. Let j be v(5). Let i be 2*2/8*j. What is the units digit of i*3*(13 - 11)?
6
Suppose -2*i + 728 = 2*i. Suppose -4*z + i = 3*z. What is the tens digit of z?
2
Let a(k) = -2*k**3 + 2*k**2 + 3*k + 1. Let z be a(3). Let h = z - -48. What is the units digit of h?
2
Let z = 62 - 80. Let p = 71 + z. What is the tens digit of p?
5
Suppose -5*o = k - 3*k + 921, 4*o = -4*k + 1884. What is the units digit of k?
8
Let s(p) = -p**2 + 9*p + 19. Suppose 18 = 6*v - 4*v. What is the units digit of s(v)?
9
Let b = 300 + 69. What is the tens digit of b?
6
Suppose 25 - 1 = 8*l. Suppose 90 = -0*v + 5*v + 3*p, 4*v = -l*p + 75. What is the tens digit of v?
1
Let j = -192 - -276. Suppose -7*b + 70 = -j. What is the tens digit of b?
2
Let m be ((-1326)/(-10) - 6/(-15)) + -2. Let j = m - 71. What is the units digit of j?
0
What is the units digit of 4 + -3*(-6)/54*1578?
0
Let q(h) = -10*h + 46. Let p be q(0). Suppose j - p - 36 = 0. What is the tens digit of j?
8
Let n(x) be the second derivative of -x**5/20 - 2*x**4/3 - x**3/2 - 17*x**2/2 - 5*x. What is the units digit of n(-8)?
7
Suppose 2*j - 78 - 292 = 0. Let u = -120 + j. What is the tens digit of u?
6
Suppose 0 = -34*x + 23173 + 8855. What is the hundreds digit of x?
9
Let h(o) = -246*o + 117. What is the thousands digit of h(-12)?
3
Let h = 1777 - 778. What is the tens digit of h?
9
Suppose -2*v + 3*c = -3*v + 8, 2*c + 4 = -2*v. What is the tens digit of (192/(-30) + (-6)/10)*v?
4
Let n be -2 - (3 - -1 - -2). Suppose 63 = 7*x - 77. Let g = x + n. What is the units digit of g?
2
Suppose -v - 3*m = 4*v - 14603, -5*v + 3*m + 14627 = 0. What is the thousands digit of v?
2
Suppose 2*o = -z + 4566, -255 = z - 5*o - 4821. What is the hundreds digit of z?
5
Suppose 45*d = -22*d + 80266. What is the units digit of d?
8
What is the tens digit of 20/10 + (4 - 6) + 750?
5
Let h be (-70)/(-5)*(-2)/(-4)*-7. Let i = h - -142. What is the units digit of i?
3
Let w(z) = z**3 + 17*z**2 - 25*z - 1. Suppose 9 = -d + 5*m - 9, 3*d + 54 = -5*m. What is the units digit of w(d)?
5
Suppose -3*z - 2*z = 5*m + 395, m - z = -71. Let o = -51 - m. What is the tens digit of o?
2
What is the tens digit of 90372/108 - 4/(-18)?
3
Suppose 7*l = 49 + 14. Suppose -5*p = -l*p + 420. What is the tens digit of p?
0
Let n(s) = -86*s + 3*s**2 + 83*s + 0*s**2. Let u be 9/6 + 2/4. What is the units digit of n(u)?
6
Suppose -4*h + 2*j = 26, 3 = h - 3*j + 2. Let i = 12 - h. What is the tens digit of 8/i + (-236)/(-10)?
2
Suppose 4*b - 3*f - 1 = 0, -1 - 1 = -2*b + 2*f. Let i be (-242)/14 - b/7. What is the units digit of 1/1 - (i - -12)?
6
Suppose -9*l + 7870 = -4*l. What is the units digit of l?
4
What is the hundreds digit of ((-4020)/18)/(4/(-6))?
3
Let a = 1100 - 715. What is the tens digit of a?
8
What is the units digit of (-6 + 2)/(10/(-80))?
2
Let v = -111 + 506. What is the units digit of v?
5
Let x = 1610 - 611. What is the units digit of x?
9
Suppose 7 = -0*h - h. Let x(c) be the third derivative of c**6/120 + 7*c**5/60 - c**4/12 + c**3/3 - c**2. What is the units digit of x(h)?
6
Suppose -5*v = -28*h + 30*h - 6685, -4*v - h + 5345 = 0. What is the hundreds digit of v?
3
Let t(b) = b**3 + 10*b**2 + 3. Let p be t(-10). Suppose 3*k - 5*k + 132 = 2*f, -p*f + 197 = 4*k. What is the tens digit of f?
6
Suppose -5 - 7 = -v. Let u = 3 + v. Let a = 8 + u. What is the tens digit of a?
2
Let o(k) = 8*k**2 - 8*k. Let r be o(6). Suppose -3*y + 5*y - r = 0. What is the tens digit of y?
2
Let c(z) = 18*z**2 - 18*z - 48. What is the units digit of c(-12)?
0
Let g(r) = 3*r + 8. Let t be g(-17). Let w = t - -7. What is the units digit of (w/(-10))/((-42)/(-105))?
9
Let h be 9/(4/3 - 1). Suppose 114 = 4*c - 2*x, 0 = -8*c + 5*c + x + 83. Let u = h + c. What is the tens digit of u?
5
What is the units digit of 675/125*1*65?
1
What is the tens digit of (2/4)/(-10*9/(-162720))?
0
Let r be 34/5 - (-4)/20. Suppose r*z - 81 = 171. What is the units digit of z?
6
Let q(b) be the second derivative of b**4/12 + 5*b**3/2 + 9*b**2/2 - 2*b. Let r be q(-13). Let g = -10 - r. What is the units digit of g?
7
Suppose 4*z - 193 - 5687 = 0. What is the thousands digit of z?
1
Let r be 0/(1 + 2 + -2). Suppose r = 3*z - 12. Suppose h - 4*o = 4*h - 37, 0 = h - z*o - 23. What is the tens digit of h?
1
What is the tens digit of (-1492)/(-28) - (-1 - (-63)/49)?
5
Let s = 56 + -54. Suppose 5*n - 52 = -2*b, -b = -4*n + s*b + 60. What is the units digit of n?
2
Suppose 0 = -5*p + 8 + 22. Suppose 0 = -4*s - 2*l, -p*s = -s + 4*l - 6. What is the units digit of 60 + (8/4)/s?
9
Let u(z) = 46*z**3 - z**2. Let r be u(1). Suppose 90 = -2*f - f. Let s = f + r. What is the units digit of s?
5
Let u(p) = p - 10. Let c be u(11). Suppose 5*l = 416 - c. Suppose -4*d - k + 46 = -61, 0 = 3*d - 2*k - l. What is the units digit of d?
7
Let b = 1083 - -939. What is the thousands digit of b?
2
Let b = -28 - -39. Suppose 4*i = -b - 5, 0 = -3*z - 5*i + 97. What is the tens digit of z?
3
Let a(r) = -r**3 + r + 236. Let v be a(0). Let h = v + -136. What is the hundreds digit of h?
1
Let w(s) = 4*s**2 - 1. Let t be w(-1). Suppose -5*d = -t*d - 18. What is the units digit of d?
9
What is the tens digit of 213*54/21 + (-32)/(-112)?
4
Let u be 5 + 1 + 8 + -6. Let k(c) = c**2 + 5*c - 35. What is the tens digit of k(u)?
6
Suppose -4*y + 3*v = -7, y - 6 = -5*v + 13. What is the tens digit of 56 - (-8)/(-4) - y?
5
Let u be (6/(-18))/(2/(-36)). Let c(n) = 2*n**2 - 8*n + 7. What is the units digit of c(u)?
1
Let y(m) = -61*m**3 - 4*m**2 - 1. Let z(r) = -60*r**3 - 3*r**2 - 1. Let s(o) = 5*y(o) - 6*z(o). What is the units digit of s(1)?
4
Suppose -16*s = -6286 - 9714. What is the tens digit of s?
0
Suppose -2*c = 3*y + 845, 4*c + 3*y - 4*y + 1655 = 0. What is the tens digit of c/(-5)*(0 - -1)?
8
Suppose 266 = 5*l - 134. Suppose -3*k + l = -8*k. Let n = k - -34. What is the units digit of n?
8
What is the tens digit of (-10)/(-3)*-27*(-8)/60?
1
Let l = 161 + -273. Let o = 158 + l. What is the tens digit of o?
4
Let k(b) = 15*b + 289. What is the units digit of k(0)?
9
Suppose -18 + 9048 = 21*b. What is the units digit of b?
0
Let h = -110 - -1102. What is the hundreds digit of h?
9
Let b = 18 + -14. Suppose -j + 3*o + 17 = 0, -2 = -5*j - b*o + 7. Suppose 3*h + 2 = j. What is the units digit of h?
1
Let s = 326 + -150. What is the units digit of s?
6
What is the hundreds digit of (2 - (-21)/6)*(1 + 25)?
1
Suppose 3*d = 5*v - 136 + 10, -4*d = 3*v - 64. Suppose 20*m - v*m = -88. What is the tens digit of m?
2
Suppose 3306 = 6*k - 1176. What is the hundreds digit of k?
7
Let y(l) = 2*l + 738. Let v be y(0). Suppose v = 5*g + 2*q, -g - 2*q = 3*g - 592. What is the units digit of g?
6
What is the units digit of 5 + (155/(-2))/((-3)/12)?
5
Suppose 0 = 2*l - 6 + 2. Suppose -4 = -u, -3*m + l*u + 175 = 3*u. What is the tens digit of m?
5
Let k be 442/102 - (0 - (-2)/6). Suppose 4*i = 8, 5*v + 3*i = 1413 - 222. Suppose -6*w + v = -w + q, 5*w = -k*q + 228. What is the units digit of w?
8
Suppose -161*p - 1551 = -164*p. What is the hundreds digit of p?
5
Suppose -30215 = -63*g - 4322. What is the units digit of g?
1
Let p = 98 + 698. What is the units digit of p?
6
Suppose 9*x - 25 = 4*x. Suppose 552 + 523 = x*s. What is the units digit of s/20 + 2/8?
1
Let t(u) = -2*u - 2. Let m be t(-2). Suppose -m*l = -4*v - 5*l + 412, 5*v = -3*l + 512. What is the tens digit of v?
0
Let d be (-85)/(-15) - 2/3. Suppose d*r = -0*r + 160. Suppose r - 1 = k. What is the tens digit of k?
3
Let k = -11 - -13. Suppose 3*l - 6*l + k*j = -29, -2*j = -l + 7. Let w = 22 + l. What is the units digit of w?
3
Let n(t) = 4*t + 515. What is the tens digit of n(0)?
1
Let b be 0/((-1)/(-1 - (-4)/8)). Suppose -2*i = -3*t - 19, 2*i + 4*t - 26 = -b*i. What is the tens digit of i?
1
What is the thousands digit of 718/(-5)*(-825)/110?
1
Let n(m) = -5*m - 16. Let s be n(-4). Suppose s*h - 411 = -5*a, -a + 1 = -2*a. What is the hundreds digit of h?
1
Let n be (-4 - -5) + -2 + 11. Let b be (-6)/15 + (-56)/n. What is the tens digit of b*(10/(-3))/1?